{"id":456,"date":"2022-12-16T16:52:50","date_gmt":"2022-12-16T16:52:50","guid":{"rendered":"https:\/\/flex-calisthenics.com\/?page_id=456"},"modified":"2024-06-03T14:53:14","modified_gmt":"2024-06-03T13:53:14","slug":"impressum","status":"publish","type":"page","link":"https:\/\/flex-calisthenics.com\/calisthenics-coaching\/impressum\/","title":{"rendered":"Impressum"},"content":{"rendered":"\t\t<div data-elementor-type=\"wp-page\" data-elementor-id=\"456\" class=\"elementor elementor-456\" data-elementor-post-type=\"page\">\n\t\t\t\t\t\t<section class=\"elementor-section elementor-top-section elementor-element elementor-element-ef6f434 elementor-section-boxed elementor-section-height-default elementor-section-height-default\" data-id=\"ef6f434\" data-element_type=\"section\" data-e-type=\"section\" data-settings=\"{&quot;background_background&quot;:&quot;classic&quot;}\">\n\t\t\t\t\t\t<div class=\"elementor-container elementor-column-gap-default\">\n\t\t\t\t\t<div class=\"elementor-column elementor-col-100 elementor-top-column elementor-element elementor-element-73ed770\" data-id=\"73ed770\" data-element_type=\"column\" data-e-type=\"column\">\n\t\t\t<div class=\"elementor-widget-wrap elementor-element-populated\">\n\t\t\t\t\t\t<div class=\"elementor-element elementor-element-4442513 elementor-widget elementor-widget-heading\" data-id=\"4442513\" data-element_type=\"widget\" data-e-type=\"widget\" data-widget_type=\"heading.default\">\n\t\t\t\t<div class=\"elementor-widget-container\">\n\t\t\t\t\t<h1 class=\"elementor-heading-title elementor-size-default\">Impressum<\/h1>\t\t\t\t<\/div>\n\t\t\t\t<\/div>\n\t\t\t\t\t<\/div>\n\t\t<\/div>\n\t\t\t\t\t<\/div>\n\t\t<\/section>\n\t\t\t\t<section class=\"elementor-section elementor-top-section elementor-element elementor-element-91e1cff elementor-section-boxed elementor-section-height-default elementor-section-height-default\" data-id=\"91e1cff\" data-element_type=\"section\" data-e-type=\"section\">\n\t\t\t\t\t\t<div class=\"elementor-container elementor-column-gap-default\">\n\t\t\t\t\t<div class=\"elementor-column elementor-col-100 elementor-top-column elementor-element elementor-element-a3efbf6\" data-id=\"a3efbf6\" data-element_type=\"column\" data-e-type=\"column\">\n\t\t\t<div class=\"elementor-widget-wrap elementor-element-populated\">\n\t\t\t\t\t\t<div class=\"elementor-element elementor-element-4d337e5 elementor-widget elementor-widget-text-editor\" data-id=\"4d337e5\" data-element_type=\"widget\" data-e-type=\"widget\" data-widget_type=\"text-editor.default\">\n\t\t\t\t<div class=\"elementor-widget-container\">\n\t\t\t\t\t\t\t\t\t<div class=\"entry-content clear\">\n<h3><strong>Angaben gem\u00e4\u00df \u00a7 5 TMG:<\/strong><\/h3>\n<p>FLEX CALISTHENICS<\/p>\n<p>Felix St\u00e4dele<br>Paul-Heyse-Str. 6<br>80336 M\u00fcnchen<\/p>\n<p>Telefon: <b data-stringify-type=\"bold\">01797397433<\/b><br>E-Mail: info@flex-calisthenics.com<\/p>\n<p>Umsatzsteuer-Identifikationsnummer gem\u00e4\u00df \u00a727 a Umsatzsteuergesetz: DE323345194<\/p>\n<div class=\"wp-block-spacer\" aria-hidden=\"true\">&nbsp;<\/div>\n<h3><strong>Verantwortlich f\u00fcr den Inhalt nach \u00a7 18 Abs. 2 MStV:<\/strong><\/h3>\n<p>Felix St\u00e4dele<\/p>\n<div class=\"wp-block-spacer\" aria-hidden=\"true\">&nbsp;<\/div>\n<h3><strong>Streitbeilegungsverfahren<\/strong><\/h3>\n<p>Die Europ\u00e4ische Kommission stellt eine Plattform f\u00fcr die au\u00dfergerichtliche Online-Streitbeilegung (OS-Plattform) bereit, aufrufbar unter <a href=\"https:\/\/ec.europa.eu\/consumers\/odr\/\">https:\/\/ec.europa.eu\/consumers\/odr\/<\/a>.&nbsp;<\/p>\n<\/div>\t\t\t\t\t\t\t\t<\/div>\n\t\t\t\t<\/div>\n\t\t\t\t\t<\/div>\n\t\t<\/div>\n\t\t\t\t\t<\/div>\n\t\t<\/section>\n\t\t\t\t<\/div>\n\t\t","protected":false},"excerpt":{"rendered":"<p>Impressum Angaben gem\u00e4\u00df \u00a7 5 TMG: FLEX CALISTHENICS Felix St\u00e4delePaul-Heyse-Str. 680336 M\u00fcnchen Telefon: 01797397433E-Mail: info@flex-calisthenics.com Umsatzsteuer-Identifikationsnummer gem\u00e4\u00df \u00a727 a Umsatzsteuergesetz: DE323345194 &nbsp; Verantwortlich f\u00fcr den Inhalt nach \u00a7 18 Abs. 2 MStV: Felix St\u00e4dele &nbsp; Streitbeilegungsverfahren Die Europ\u00e4ische Kommission stellt eine Plattform f\u00fcr die au\u00dfergerichtliche Online-Streitbeilegung (OS-Plattform) bereit, aufrufbar unter https:\/\/ec.europa.eu\/consumers\/odr\/.&nbsp;<\/p>\n","protected":false},"author":2,"featured_media":0,"parent":0,"menu_order":0,"comment_status":"closed","ping_status":"closed","template":"elementor_header_footer","meta":{"footnotes":""},"class_list":["post-456","page","type-page","status-publish","hentry"],"yoast_head":"<!-- This site is optimized with the Yoast SEO plugin v27.3 - https:\/\/yoast.com\/product\/yoast-seo-wordpress\/ -->\n<title>Impressum - Flex Calisthenics<\/title>\n<meta name=\"robots\" content=\"index, follow, max-snippet:-1, max-image-preview:large, max-video-preview:-1\" \/>\n<link rel=\"canonical\" href=\"https:\/\/flex-calisthenics.com\/calisthenics-coaching\/impressum\/\" \/>\n<meta property=\"og:locale\" content=\"de_DE\" \/>\n<meta property=\"og:type\" content=\"article\" \/>\n<meta property=\"og:title\" content=\"Impressum - Flex Calisthenics\" \/>\n<meta property=\"og:description\" content=\"Impressum Angaben gem\u00e4\u00df \u00a7 5 TMG: FLEX CALISTHENICS Felix St\u00e4delePaul-Heyse-Str. 680336 M\u00fcnchen Telefon: 01797397433E-Mail: info@flex-calisthenics.com Umsatzsteuer-Identifikationsnummer gem\u00e4\u00df \u00a727 a Umsatzsteuergesetz: DE323345194 &nbsp; Verantwortlich f\u00fcr den Inhalt nach \u00a7 18 Abs. 2 MStV: Felix St\u00e4dele &nbsp; Streitbeilegungsverfahren Die Europ\u00e4ische Kommission stellt eine Plattform f\u00fcr die au\u00dfergerichtliche Online-Streitbeilegung (OS-Plattform) bereit, aufrufbar unter https:\/\/ec.europa.eu\/consumers\/odr\/.&nbsp;\" \/>\n<meta property=\"og:url\" content=\"https:\/\/flex-calisthenics.com\/calisthenics-coaching\/impressum\/\" \/>\n<meta property=\"og:site_name\" content=\"Flex Calisthenics\" \/>\n<meta property=\"article:modified_time\" content=\"2024-06-03T13:53:14+00:00\" \/>\n<meta name=\"twitter:card\" content=\"summary_large_image\" \/>\n<meta name=\"twitter:label1\" content=\"Gesch\u00e4tzte Lesezeit\" \/>\n\t<meta name=\"twitter:data1\" content=\"1\u00a0Minute\" \/>\n<script type=\"application\/ld+json\" class=\"yoast-schema-graph\">{\"@context\":\"https:\\\/\\\/schema.org\",\"@graph\":[{\"@type\":\"WebPage\",\"@id\":\"https:\\\/\\\/flex-calisthenics.com\\\/calisthenics-coaching\\\/impressum\\\/\",\"url\":\"https:\\\/\\\/flex-calisthenics.com\\\/calisthenics-coaching\\\/impressum\\\/\",\"name\":\"Impressum - Flex Calisthenics\",\"isPartOf\":{\"@id\":\"https:\\\/\\\/flex-calisthenics.com\\\/calisthenics-coaching\\\/#website\"},\"datePublished\":\"2022-12-16T16:52:50+00:00\",\"dateModified\":\"2024-06-03T13:53:14+00:00\",\"breadcrumb\":{\"@id\":\"https:\\\/\\\/flex-calisthenics.com\\\/calisthenics-coaching\\\/impressum\\\/#breadcrumb\"},\"inLanguage\":\"de\",\"potentialAction\":[{\"@type\":\"ReadAction\",\"target\":[\"https:\\\/\\\/flex-calisthenics.com\\\/calisthenics-coaching\\\/impressum\\\/\"]}]},{\"@type\":\"BreadcrumbList\",\"@id\":\"https:\\\/\\\/flex-calisthenics.com\\\/calisthenics-coaching\\\/impressum\\\/#breadcrumb\",\"itemListElement\":[{\"@type\":\"ListItem\",\"position\":1,\"name\":\"Home\",\"item\":\"https:\\\/\\\/flex-calisthenics.com\\\/calisthenics-coaching\\\/\"},{\"@type\":\"ListItem\",\"position\":2,\"name\":\"Impressum\"}]},{\"@type\":\"WebSite\",\"@id\":\"https:\\\/\\\/flex-calisthenics.com\\\/calisthenics-coaching\\\/#website\",\"url\":\"https:\\\/\\\/flex-calisthenics.com\\\/calisthenics-coaching\\\/\",\"name\":\"Flex Calisthenics\",\"description\":\"\",\"publisher\":{\"@id\":\"https:\\\/\\\/flex-calisthenics.com\\\/calisthenics-coaching\\\/#organization\"},\"potentialAction\":[{\"@type\":\"SearchAction\",\"target\":{\"@type\":\"EntryPoint\",\"urlTemplate\":\"https:\\\/\\\/flex-calisthenics.com\\\/calisthenics-coaching\\\/?s={search_term_string}\"},\"query-input\":{\"@type\":\"PropertyValueSpecification\",\"valueRequired\":true,\"valueName\":\"search_term_string\"}}],\"inLanguage\":\"de\"},{\"@type\":\"Organization\",\"@id\":\"https:\\\/\\\/flex-calisthenics.com\\\/calisthenics-coaching\\\/#organization\",\"name\":\"Flex Calisthenics\",\"url\":\"https:\\\/\\\/flex-calisthenics.com\\\/calisthenics-coaching\\\/\",\"logo\":{\"@type\":\"ImageObject\",\"inLanguage\":\"de\",\"@id\":\"https:\\\/\\\/flex-calisthenics.com\\\/calisthenics-coaching\\\/#\\\/schema\\\/logo\\\/image\\\/\",\"url\":\"https:\\\/\\\/flex-calisthenics.com\\\/wp-content\\\/uploads\\\/Logo_Flex-Calisthenics-Coaching.png\",\"contentUrl\":\"https:\\\/\\\/flex-calisthenics.com\\\/wp-content\\\/uploads\\\/Logo_Flex-Calisthenics-Coaching.png\",\"width\":164,\"height\":117,\"caption\":\"Flex Calisthenics\"},\"image\":{\"@id\":\"https:\\\/\\\/flex-calisthenics.com\\\/calisthenics-coaching\\\/#\\\/schema\\\/logo\\\/image\\\/\"}}]}<\/script>\n<!-- \/ Yoast SEO plugin. -->","yoast_head_json":{"title":"Impressum - Flex Calisthenics","robots":{"index":"index","follow":"follow","max-snippet":"max-snippet:-1","max-image-preview":"max-image-preview:large","max-video-preview":"max-video-preview:-1"},"canonical":"https:\/\/flex-calisthenics.com\/calisthenics-coaching\/impressum\/","og_locale":"de_DE","og_type":"article","og_title":"Impressum - Flex Calisthenics","og_description":"Impressum Angaben gem\u00e4\u00df \u00a7 5 TMG: FLEX CALISTHENICS Felix St\u00e4delePaul-Heyse-Str. 680336 M\u00fcnchen Telefon: 01797397433E-Mail: info@flex-calisthenics.com Umsatzsteuer-Identifikationsnummer gem\u00e4\u00df \u00a727 a Umsatzsteuergesetz: DE323345194 &nbsp; Verantwortlich f\u00fcr den Inhalt nach \u00a7 18 Abs. 2 MStV: Felix St\u00e4dele &nbsp; Streitbeilegungsverfahren Die Europ\u00e4ische Kommission stellt eine Plattform f\u00fcr die au\u00dfergerichtliche Online-Streitbeilegung (OS-Plattform) bereit, aufrufbar unter https:\/\/ec.europa.eu\/consumers\/odr\/.&nbsp;","og_url":"https:\/\/flex-calisthenics.com\/calisthenics-coaching\/impressum\/","og_site_name":"Flex Calisthenics","article_modified_time":"2024-06-03T13:53:14+00:00","twitter_card":"summary_large_image","twitter_misc":{"Gesch\u00e4tzte Lesezeit":"1\u00a0Minute"},"schema":{"@context":"https:\/\/schema.org","@graph":[{"@type":"WebPage","@id":"https:\/\/flex-calisthenics.com\/calisthenics-coaching\/impressum\/","url":"https:\/\/flex-calisthenics.com\/calisthenics-coaching\/impressum\/","name":"Impressum - Flex Calisthenics","isPartOf":{"@id":"https:\/\/flex-calisthenics.com\/calisthenics-coaching\/#website"},"datePublished":"2022-12-16T16:52:50+00:00","dateModified":"2024-06-03T13:53:14+00:00","breadcrumb":{"@id":"https:\/\/flex-calisthenics.com\/calisthenics-coaching\/impressum\/#breadcrumb"},"inLanguage":"de","potentialAction":[{"@type":"ReadAction","target":["https:\/\/flex-calisthenics.com\/calisthenics-coaching\/impressum\/"]}]},{"@type":"BreadcrumbList","@id":"https:\/\/flex-calisthenics.com\/calisthenics-coaching\/impressum\/#breadcrumb","itemListElement":[{"@type":"ListItem","position":1,"name":"Home","item":"https:\/\/flex-calisthenics.com\/calisthenics-coaching\/"},{"@type":"ListItem","position":2,"name":"Impressum"}]},{"@type":"WebSite","@id":"https:\/\/flex-calisthenics.com\/calisthenics-coaching\/#website","url":"https:\/\/flex-calisthenics.com\/calisthenics-coaching\/","name":"Flex Calisthenics","description":"","publisher":{"@id":"https:\/\/flex-calisthenics.com\/calisthenics-coaching\/#organization"},"potentialAction":[{"@type":"SearchAction","target":{"@type":"EntryPoint","urlTemplate":"https:\/\/flex-calisthenics.com\/calisthenics-coaching\/?s={search_term_string}"},"query-input":{"@type":"PropertyValueSpecification","valueRequired":true,"valueName":"search_term_string"}}],"inLanguage":"de"},{"@type":"Organization","@id":"https:\/\/flex-calisthenics.com\/calisthenics-coaching\/#organization","name":"Flex Calisthenics","url":"https:\/\/flex-calisthenics.com\/calisthenics-coaching\/","logo":{"@type":"ImageObject","inLanguage":"de","@id":"https:\/\/flex-calisthenics.com\/calisthenics-coaching\/#\/schema\/logo\/image\/","url":"https:\/\/flex-calisthenics.com\/wp-content\/uploads\/Logo_Flex-Calisthenics-Coaching.png","contentUrl":"https:\/\/flex-calisthenics.com\/wp-content\/uploads\/Logo_Flex-Calisthenics-Coaching.png","width":164,"height":117,"caption":"Flex Calisthenics"},"image":{"@id":"https:\/\/flex-calisthenics.com\/calisthenics-coaching\/#\/schema\/logo\/image\/"}}]}},"_links":{"self":[{"href":"https:\/\/flex-calisthenics.com\/calisthenics-coaching\/wp-json\/wp\/v2\/pages\/456","targetHints":{"allow":["GET"]}}],"collection":[{"href":"https:\/\/flex-calisthenics.com\/calisthenics-coaching\/wp-json\/wp\/v2\/pages"}],"about":[{"href":"https:\/\/flex-calisthenics.com\/calisthenics-coaching\/wp-json\/wp\/v2\/types\/page"}],"author":[{"embeddable":true,"href":"https:\/\/flex-calisthenics.com\/calisthenics-coaching\/wp-json\/wp\/v2\/users\/2"}],"replies":[{"embeddable":true,"href":"https:\/\/flex-calisthenics.com\/calisthenics-coaching\/wp-json\/wp\/v2\/comments?post=456"}],"version-history":[{"count":6,"href":"https:\/\/flex-calisthenics.com\/calisthenics-coaching\/wp-json\/wp\/v2\/pages\/456\/revisions"}],"predecessor-version":[{"id":3490,"href":"https:\/\/flex-calisthenics.com\/calisthenics-coaching\/wp-json\/wp\/v2\/pages\/456\/revisions\/3490"}],"wp:attachment":[{"href":"https:\/\/flex-calisthenics.com\/calisthenics-coaching\/wp-json\/wp\/v2\/media?parent=456"}],"curies":[{"name":"wp","href":"https:\/\/api.w.org\/{rel}","templated":true}]}}