{"id":887,"date":"2023-01-08T21:57:31","date_gmt":"2023-01-08T21:57:31","guid":{"rendered":"https:\/\/flex-calisthenics.com\/calisthenics-coaching\/?page_id=887"},"modified":"2023-02-06T20:44:06","modified_gmt":"2023-02-06T20:44:06","slug":"dein-beratungsgespraech","status":"publish","type":"page","link":"https:\/\/flex-calisthenics.com\/calisthenics-coaching\/dein-beratungsgespraech\/","title":{"rendered":"Beratungsgespr\u00e4ch vereinbaren"},"content":{"rendered":"\t\t<div data-elementor-type=\"wp-page\" data-elementor-id=\"887\" class=\"elementor elementor-887\" data-elementor-post-type=\"page\">\n\t\t\t\t\t\t<section class=\"elementor-section elementor-top-section elementor-element elementor-element-d9d157e elementor-section-height-min-height elementor-section-boxed elementor-section-height-default elementor-section-items-middle\" data-id=\"d9d157e\" data-element_type=\"section\" data-e-type=\"section\" data-settings=\"{&quot;background_background&quot;:&quot;classic&quot;}\">\n\t\t\t\t\t\t\t<div class=\"elementor-background-overlay\"><\/div>\n\t\t\t\t\t\t\t<div class=\"elementor-container elementor-column-gap-default\">\n\t\t\t\t\t<div class=\"elementor-column elementor-col-100 elementor-top-column elementor-element elementor-element-e4a4c1b\" data-id=\"e4a4c1b\" data-element_type=\"column\" data-e-type=\"column\">\n\t\t\t<div class=\"elementor-widget-wrap elementor-element-populated\">\n\t\t\t\t\t\t<section class=\"elementor-section elementor-inner-section elementor-element elementor-element-3a1f4aa elementor-section-boxed elementor-section-height-default elementor-section-height-default\" data-id=\"3a1f4aa\" data-element_type=\"section\" data-e-type=\"section\">\n\t\t\t\t\t\t<div class=\"elementor-container elementor-column-gap-default\">\n\t\t\t\t\t<div class=\"elementor-column elementor-col-100 elementor-inner-column elementor-element elementor-element-1847363\" data-id=\"1847363\" data-element_type=\"column\" data-e-type=\"column\">\n\t\t\t<div class=\"elementor-widget-wrap elementor-element-populated\">\n\t\t\t\t\t\t<div class=\"elementor-element elementor-element-0a00ad9 elementor-widget elementor-widget-menu-anchor\" data-id=\"0a00ad9\" data-element_type=\"widget\" data-e-type=\"widget\" data-widget_type=\"menu-anchor.default\">\n\t\t\t\t<div class=\"elementor-widget-container\">\n\t\t\t\t\t\t\t<div class=\"elementor-menu-anchor\" id=\"Buchung\"><\/div>\n\t\t\t\t\t\t<\/div>\n\t\t\t\t<\/div>\n\t\t\t\t<div class=\"elementor-element elementor-element-0633bfd elementor-widget elementor-widget-heading\" data-id=\"0633bfd\" data-element_type=\"widget\" data-e-type=\"widget\" data-widget_type=\"heading.default\">\n\t\t\t\t<div class=\"elementor-widget-container\">\n\t\t\t\t\t<h2 class=\"elementor-heading-title elementor-size-default\">Beratungsgespr\u00e4ch vereinbaren\u200b<\/h2>\t\t\t\t<\/div>\n\t\t\t\t<\/div>\n\t\t\t\t<div class=\"elementor-element elementor-element-c6bd697 elementor-widget elementor-widget-html\" data-id=\"c6bd697\" data-element_type=\"widget\" data-e-type=\"widget\" data-widget_type=\"html.default\">\n\t\t\t\t<div class=\"elementor-widget-container\">\n\t\t\t\t\t<!-- Calendly Inline-Widget Beginn -->\n<div class=\"calendly-inline-widget\" data-url=\"https:\/\/calendly.com\/flexcalisthenics\/kostenloses-beratungsgesprach?hide_gdpr_banner=1&primary_color=b29146\" style=\"min-width:320px;height:630px;\"><\/div>\n<script type=\"text\/javascript\" src=\"https:\/\/assets.calendly.com\/assets\/external\/widget.js\" async><\/script>\n<!-- Calendly Inline-Widget Ende -->\t\t\t\t<\/div>\n\t\t\t\t<\/div>\n\t\t\t\t\t<\/div>\n\t\t<\/div>\n\t\t\t\t\t<\/div>\n\t\t<\/section>\n\t\t\t\t\t<\/div>\n\t\t<\/div>\n\t\t\t\t\t<\/div>\n\t\t<\/section>\n\t\t\t\t<section class=\"elementor-section elementor-top-section elementor-element elementor-element-7044ffa elementor-reverse-tablet elementor-reverse-mobile elementor-section-boxed elementor-section-height-default elementor-section-height-default\" data-id=\"7044ffa\" data-element_type=\"section\" data-e-type=\"section\" data-settings=\"{&quot;background_background&quot;:&quot;classic&quot;}\">\n\t\t\t\t\t\t<div class=\"elementor-container elementor-column-gap-default\">\n\t\t\t\t\t<div class=\"elementor-column elementor-col-100 elementor-top-column elementor-element elementor-element-c7faff7\" data-id=\"c7faff7\" data-element_type=\"column\" data-e-type=\"column\">\n\t\t\t<div class=\"elementor-widget-wrap elementor-element-populated\">\n\t\t\t\t\t\t<div class=\"elementor-element elementor-element-3783cb0 elementor-widget elementor-widget-heading\" data-id=\"3783cb0\" data-element_type=\"widget\" data-e-type=\"widget\" data-widget_type=\"heading.default\">\n\t\t\t\t<div class=\"elementor-widget-container\">\n\t\t\t\t\t<h2 class=\"elementor-heading-title elementor-size-default\">Ich m\u00f6chte Dir kurz erkl\u00e4ren, wie das\n<span style=\"color:var( --e-global-color-1cd7f6a )\">kostenlose Beratungsgespr\u00e4ch<\/span>  abl\u00e4uft:<\/h2>\t\t\t\t<\/div>\n\t\t\t\t<\/div>\n\t\t\t\t<section class=\"elementor-section elementor-inner-section elementor-element elementor-element-12c113c elementor-section-boxed elementor-section-height-default elementor-section-height-default\" data-id=\"12c113c\" data-element_type=\"section\" data-e-type=\"section\">\n\t\t\t\t\t\t<div class=\"elementor-container elementor-column-gap-default\">\n\t\t\t\t\t<div class=\"elementor-column elementor-col-25 elementor-inner-column elementor-element elementor-element-ef19ff9\" data-id=\"ef19ff9\" data-element_type=\"column\" data-e-type=\"column\">\n\t\t\t<div class=\"elementor-widget-wrap elementor-element-populated\">\n\t\t\t\t\t\t<div class=\"elementor-element elementor-element-5beed60 elementor-widget elementor-widget-image\" data-id=\"5beed60\" data-element_type=\"widget\" data-e-type=\"widget\" data-widget_type=\"image.default\">\n\t\t\t\t<div class=\"elementor-widget-container\">\n\t\t\t\t\t\t\t\t\t\t\t\t\t\t\t<img decoding=\"async\" width=\"168\" height=\"168\" src=\"https:\/\/flex-calisthenics.com\/wp-content\/uploads\/Group-17.png\" class=\"attachment-full size-full wp-image-358\" alt=\"\" srcset=\"https:\/\/flex-calisthenics.com\/wp-content\/uploads\/Group-17.png 168w, https:\/\/flex-calisthenics.com\/wp-content\/uploads\/Group-17-150x150.png 150w\" sizes=\"(max-width: 168px) 100vw, 168px\" \/>\t\t\t\t\t\t\t\t\t\t\t\t\t\t\t<\/div>\n\t\t\t\t<\/div>\n\t\t\t\t<div class=\"elementor-element elementor-element-422f485 elementor-widget elementor-widget-text-editor\" data-id=\"422f485\" data-element_type=\"widget\" data-e-type=\"widget\" data-widget_type=\"text-editor.default\">\n\t\t\t\t<div class=\"elementor-widget-container\">\n\t\t\t\t\t\t\t\t\t<p class=\"p1\">Wir schauen uns gemeinsam an, wo du aktuell stehst und was <strong>Deine gr\u00f6\u00dften Herausforderungen<\/strong> in Deinem Training sind.<\/p>\t\t\t\t\t\t\t\t<\/div>\n\t\t\t\t<\/div>\n\t\t\t\t\t<\/div>\n\t\t<\/div>\n\t\t\t\t<div class=\"elementor-column elementor-col-25 elementor-inner-column elementor-element elementor-element-97fe63c\" data-id=\"97fe63c\" data-element_type=\"column\" data-e-type=\"column\">\n\t\t\t<div class=\"elementor-widget-wrap elementor-element-populated\">\n\t\t\t\t\t\t<div class=\"elementor-element elementor-element-2824179 elementor-widget elementor-widget-image\" data-id=\"2824179\" data-element_type=\"widget\" data-e-type=\"widget\" data-widget_type=\"image.default\">\n\t\t\t\t<div class=\"elementor-widget-container\">\n\t\t\t\t\t\t\t\t\t\t\t\t\t\t\t<img decoding=\"async\" width=\"168\" height=\"168\" src=\"https:\/\/flex-calisthenics.com\/wp-content\/uploads\/Group-18.png\" class=\"attachment-full size-full wp-image-371\" alt=\"\" srcset=\"https:\/\/flex-calisthenics.com\/wp-content\/uploads\/Group-18.png 168w, https:\/\/flex-calisthenics.com\/wp-content\/uploads\/Group-18-150x150.png 150w\" sizes=\"(max-width: 168px) 100vw, 168px\" \/>\t\t\t\t\t\t\t\t\t\t\t\t\t\t\t<\/div>\n\t\t\t\t<\/div>\n\t\t\t\t<div class=\"elementor-element elementor-element-e68b4df elementor-widget elementor-widget-text-editor\" data-id=\"e68b4df\" data-element_type=\"widget\" data-e-type=\"widget\" data-widget_type=\"text-editor.default\">\n\t\t\t\t<div class=\"elementor-widget-container\">\n\t\t\t\t\t\t\t\t\t<p class=\"p1\">Ich zeige dir, was tats\u00e4chlich in Deiner Situation <strong>die wichtigsten Hebel<\/strong> sind, um Dein Training auf das n\u00e4chste Level zu bringen<\/p>\t\t\t\t\t\t\t\t<\/div>\n\t\t\t\t<\/div>\n\t\t\t\t\t<\/div>\n\t\t<\/div>\n\t\t\t\t<div class=\"elementor-column elementor-col-25 elementor-inner-column elementor-element elementor-element-1203c38\" data-id=\"1203c38\" data-element_type=\"column\" data-e-type=\"column\">\n\t\t\t<div class=\"elementor-widget-wrap elementor-element-populated\">\n\t\t\t\t\t\t<div class=\"elementor-element elementor-element-fb72f21 elementor-widget elementor-widget-image\" data-id=\"fb72f21\" data-element_type=\"widget\" data-e-type=\"widget\" data-widget_type=\"image.default\">\n\t\t\t\t<div class=\"elementor-widget-container\">\n\t\t\t\t\t\t\t\t\t\t\t\t\t\t\t<img decoding=\"async\" width=\"168\" height=\"168\" src=\"https:\/\/flex-calisthenics.com\/wp-content\/uploads\/Group-19.png\" class=\"attachment-full size-full wp-image-372\" alt=\"\" srcset=\"https:\/\/flex-calisthenics.com\/wp-content\/uploads\/Group-19.png 168w, https:\/\/flex-calisthenics.com\/wp-content\/uploads\/Group-19-150x150.png 150w\" sizes=\"(max-width: 168px) 100vw, 168px\" \/>\t\t\t\t\t\t\t\t\t\t\t\t\t\t\t<\/div>\n\t\t\t\t<\/div>\n\t\t\t\t<div class=\"elementor-element elementor-element-aaa1c3f elementor-widget elementor-widget-text-editor\" data-id=\"aaa1c3f\" data-element_type=\"widget\" data-e-type=\"widget\" data-widget_type=\"text-editor.default\">\n\t\t\t\t<div class=\"elementor-widget-container\">\n\t\t\t\t\t\t\t\t\t<p class=\"p1\">Wir erarbeiten gemeinsam einen <strong>Schritt f\u00fcr Schritt Plan f\u00fcr Dich<\/strong>, der Dich von deiner Ausgangsposition zu Deinem Ziel bringt, egal ob das der erste Klimmzug, Liegest\u00fctze, Handstand oder ein Muscleup ist.\u00a0<\/p>\t\t\t\t\t\t\t\t<\/div>\n\t\t\t\t<\/div>\n\t\t\t\t\t<\/div>\n\t\t<\/div>\n\t\t\t\t<div class=\"elementor-column elementor-col-25 elementor-inner-column elementor-element elementor-element-6c88f90\" data-id=\"6c88f90\" data-element_type=\"column\" data-e-type=\"column\">\n\t\t\t<div class=\"elementor-widget-wrap elementor-element-populated\">\n\t\t\t\t\t\t<div class=\"elementor-element elementor-element-2436732 elementor-widget elementor-widget-image\" data-id=\"2436732\" data-element_type=\"widget\" data-e-type=\"widget\" data-widget_type=\"image.default\">\n\t\t\t\t<div class=\"elementor-widget-container\">\n\t\t\t\t\t\t\t\t\t\t\t\t\t\t\t<img loading=\"lazy\" decoding=\"async\" width=\"168\" height=\"168\" src=\"https:\/\/flex-calisthenics.com\/wp-content\/uploads\/Nummer-4.png\" class=\"attachment-full size-full wp-image-1512\" alt=\"\" srcset=\"https:\/\/flex-calisthenics.com\/wp-content\/uploads\/Nummer-4.png 168w, https:\/\/flex-calisthenics.com\/wp-content\/uploads\/Nummer-4-150x150.png 150w\" sizes=\"(max-width: 168px) 100vw, 168px\" \/>\t\t\t\t\t\t\t\t\t\t\t\t\t\t\t<\/div>\n\t\t\t\t<\/div>\n\t\t\t\t<div class=\"elementor-element elementor-element-b5d2bd1 elementor-widget elementor-widget-text-editor\" data-id=\"b5d2bd1\" data-element_type=\"widget\" data-e-type=\"widget\" data-widget_type=\"text-editor.default\">\n\t\t\t\t<div class=\"elementor-widget-container\">\n\t\t\t\t\t\t\t\t\t<p class=\"p1\"><span class=\"Apple-converted-space\">\u00a0<\/span>Du setzt diesen Schritt f\u00fcr Schritt Plan um, damit du auch wirklich <strong>Dein Ziel erreichst<\/strong>.<\/p>\t\t\t\t\t\t\t\t<\/div>\n\t\t\t\t<\/div>\n\t\t\t\t\t<\/div>\n\t\t<\/div>\n\t\t\t\t\t<\/div>\n\t\t<\/section>\n\t\t\t\t<div class=\"elementor-element elementor-element-3b24417 elementor-widget elementor-widget-text-editor\" data-id=\"3b24417\" data-element_type=\"widget\" data-e-type=\"widget\" data-widget_type=\"text-editor.default\">\n\t\t\t\t<div class=\"elementor-widget-container\">\n\t\t\t\t\t\t\t\t\t<p class=\"p1\" style=\"text-align: left;\">Dein individueller Schritt f\u00fcr Schritt Plan vereint also Deine Ausgangslage mit deinen sportlichen Zielen, egal ob das ein Handstand, eine Liegest\u00fctze, ein Klimmzug, ein Muscleup oder weitere fortgeschrittene \u00dcbungen sind. Ich zeige Dir den Weg auf, wie Du Deine Ziele erreichst.&nbsp;<\/p><p class=\"p1\" style=\"text-align: left;\">Da Deine Situation und Deine Umst\u00e4nde nat\u00fcrlich individuell sind, kann ich Dir Deinen genauen Weg nur in einem pers\u00f6nlichen Gespr\u00e4ch aufzeigen, nachdem ich Deine Situation besser kennengelernt habe.&nbsp;<\/p>\n<p class=\"p1\" style=\"text-align: left;\">Wenn das interessant f\u00fcr Dich klingt und Du den ersten Schritt Richtung Deine Ziele im Calisthenics Sport machen m\u00f6chtest, dann trage Dir jetzt einen Termin in meinem Kalender ein.<\/p>\n<p class=\"p1\" style=\"text-align: left;\">Ich freue mich auf Dich,&nbsp;<br>Dein Felix<\/p>\t\t\t\t\t\t\t\t<\/div>\n\t\t\t\t<\/div>\n\t\t\t\t<div class=\"elementor-element elementor-element-f2a4a06 elementor-align-center elementor-widget elementor-widget-button\" data-id=\"f2a4a06\" data-element_type=\"widget\" data-e-type=\"widget\" data-settings=\"{&quot;motion_fx_motion_fx_scrolling&quot;:&quot;yes&quot;,&quot;motion_fx_devices&quot;:[&quot;desktop&quot;,&quot;tablet&quot;,&quot;mobile&quot;]}\" data-widget_type=\"button.default\">\n\t\t\t\t<div class=\"elementor-widget-container\">\n\t\t\t\t\t\t\t\t\t<div class=\"elementor-button-wrapper\">\n\t\t\t\t\t<a class=\"elementor-button elementor-button-link elementor-size-md\" href=\"#Buchung\">\n\t\t\t\t\t\t<span class=\"elementor-button-content-wrapper\">\n\t\t\t\t\t\t\t\t\t<span class=\"elementor-button-text\">Zur\u00fcck zur Buchung<\/span>\n\t\t\t\t\t<\/span>\n\t\t\t\t\t<\/a>\n\t\t\t\t<\/div>\n\t\t\t\t\t\t\t\t<\/div>\n\t\t\t\t<\/div>\n\t\t\t\t\t<\/div>\n\t\t<\/div>\n\t\t\t\t\t<\/div>\n\t\t<\/section>\n\t\t\t\t<\/div>\n\t\t","protected":false},"excerpt":{"rendered":"<p>Beratungsgespr\u00e4ch vereinbaren\u200b Ich m\u00f6chte Dir kurz erkl\u00e4ren, wie das kostenlose Beratungsgespr\u00e4ch abl\u00e4uft: Wir schauen uns gemeinsam an, wo du aktuell stehst und was Deine gr\u00f6\u00dften Herausforderungen in Deinem Training sind. Ich zeige dir, was tats\u00e4chlich in Deiner Situation die wichtigsten Hebel sind, um Dein Training auf das n\u00e4chste Level zu bringen Wir erarbeiten gemeinsam einen [&hellip;]<\/p>\n","protected":false},"author":2,"featured_media":0,"parent":0,"menu_order":0,"comment_status":"closed","ping_status":"closed","template":"elementor_header_footer","meta":{"footnotes":""},"class_list":["post-887","page","type-page","status-publish","hentry"],"yoast_head":"<!-- This site is optimized with the Yoast SEO plugin v27.3 - https:\/\/yoast.com\/product\/yoast-seo-wordpress\/ -->\n<title>Beratungsgespr\u00e4ch vereinbaren - Flex Calisthenics<\/title>\n<meta name=\"robots\" content=\"index, follow, max-snippet:-1, max-image-preview:large, max-video-preview:-1\" \/>\n<link rel=\"canonical\" href=\"https:\/\/flex-calisthenics.com\/calisthenics-coaching\/dein-beratungsgespraech\/\" \/>\n<meta property=\"og:locale\" content=\"de_DE\" \/>\n<meta property=\"og:type\" content=\"article\" \/>\n<meta property=\"og:title\" content=\"Beratungsgespr\u00e4ch vereinbaren - Flex Calisthenics\" \/>\n<meta property=\"og:description\" content=\"Beratungsgespr\u00e4ch vereinbaren\u200b Ich m\u00f6chte Dir kurz erkl\u00e4ren, wie das kostenlose Beratungsgespr\u00e4ch abl\u00e4uft: Wir schauen uns gemeinsam an, wo du aktuell stehst und was Deine gr\u00f6\u00dften Herausforderungen in Deinem Training sind. Ich zeige dir, was tats\u00e4chlich in Deiner Situation die wichtigsten Hebel sind, um Dein Training auf das n\u00e4chste Level zu bringen Wir erarbeiten gemeinsam einen [&hellip;]\" \/>\n<meta property=\"og:url\" content=\"https:\/\/flex-calisthenics.com\/calisthenics-coaching\/dein-beratungsgespraech\/\" \/>\n<meta property=\"og:site_name\" content=\"Flex Calisthenics\" \/>\n<meta property=\"article:modified_time\" content=\"2023-02-06T20:44:06+00:00\" \/>\n<meta property=\"og:image\" content=\"https:\/\/flex-calisthenics.com\/wp-content\/uploads\/Group-17.png\" \/>\n<meta name=\"twitter:card\" content=\"summary_large_image\" \/>\n<meta name=\"twitter:label1\" content=\"Gesch\u00e4tzte Lesezeit\" \/>\n\t<meta name=\"twitter:data1\" content=\"1\u00a0Minute\" \/>\n<script type=\"application\/ld+json\" class=\"yoast-schema-graph\">{\"@context\":\"https:\\\/\\\/schema.org\",\"@graph\":[{\"@type\":\"WebPage\",\"@id\":\"https:\\\/\\\/flex-calisthenics.com\\\/calisthenics-coaching\\\/dein-beratungsgespraech\\\/\",\"url\":\"https:\\\/\\\/flex-calisthenics.com\\\/calisthenics-coaching\\\/dein-beratungsgespraech\\\/\",\"name\":\"Beratungsgespr\u00e4ch vereinbaren - Flex Calisthenics\",\"isPartOf\":{\"@id\":\"https:\\\/\\\/flex-calisthenics.com\\\/calisthenics-coaching\\\/#website\"},\"primaryImageOfPage\":{\"@id\":\"https:\\\/\\\/flex-calisthenics.com\\\/calisthenics-coaching\\\/dein-beratungsgespraech\\\/#primaryimage\"},\"image\":{\"@id\":\"https:\\\/\\\/flex-calisthenics.com\\\/calisthenics-coaching\\\/dein-beratungsgespraech\\\/#primaryimage\"},\"thumbnailUrl\":\"https:\\\/\\\/flex-calisthenics.com\\\/wp-content\\\/uploads\\\/Group-17.png\",\"datePublished\":\"2023-01-08T21:57:31+00:00\",\"dateModified\":\"2023-02-06T20:44:06+00:00\",\"breadcrumb\":{\"@id\":\"https:\\\/\\\/flex-calisthenics.com\\\/calisthenics-coaching\\\/dein-beratungsgespraech\\\/#breadcrumb\"},\"inLanguage\":\"de\",\"potentialAction\":[{\"@type\":\"ReadAction\",\"target\":[\"https:\\\/\\\/flex-calisthenics.com\\\/calisthenics-coaching\\\/dein-beratungsgespraech\\\/\"]}]},{\"@type\":\"ImageObject\",\"inLanguage\":\"de\",\"@id\":\"https:\\\/\\\/flex-calisthenics.com\\\/calisthenics-coaching\\\/dein-beratungsgespraech\\\/#primaryimage\",\"url\":\"https:\\\/\\\/flex-calisthenics.com\\\/wp-content\\\/uploads\\\/Group-17.png\",\"contentUrl\":\"https:\\\/\\\/flex-calisthenics.com\\\/wp-content\\\/uploads\\\/Group-17.png\"},{\"@type\":\"BreadcrumbList\",\"@id\":\"https:\\\/\\\/flex-calisthenics.com\\\/calisthenics-coaching\\\/dein-beratungsgespraech\\\/#breadcrumb\",\"itemListElement\":[{\"@type\":\"ListItem\",\"position\":1,\"name\":\"Home\",\"item\":\"https:\\\/\\\/flex-calisthenics.com\\\/calisthenics-coaching\\\/\"},{\"@type\":\"ListItem\",\"position\":2,\"name\":\"Beratungsgespr\u00e4ch vereinbaren\"}]},{\"@type\":\"WebSite\",\"@id\":\"https:\\\/\\\/flex-calisthenics.com\\\/calisthenics-coaching\\\/#website\",\"url\":\"https:\\\/\\\/flex-calisthenics.com\\\/calisthenics-coaching\\\/\",\"name\":\"Flex Calisthenics\",\"description\":\"\",\"publisher\":{\"@id\":\"https:\\\/\\\/flex-calisthenics.com\\\/calisthenics-coaching\\\/#organization\"},\"potentialAction\":[{\"@type\":\"SearchAction\",\"target\":{\"@type\":\"EntryPoint\",\"urlTemplate\":\"https:\\\/\\\/flex-calisthenics.com\\\/calisthenics-coaching\\\/?s={search_term_string}\"},\"query-input\":{\"@type\":\"PropertyValueSpecification\",\"valueRequired\":true,\"valueName\":\"search_term_string\"}}],\"inLanguage\":\"de\"},{\"@type\":\"Organization\",\"@id\":\"https:\\\/\\\/flex-calisthenics.com\\\/calisthenics-coaching\\\/#organization\",\"name\":\"Flex Calisthenics\",\"url\":\"https:\\\/\\\/flex-calisthenics.com\\\/calisthenics-coaching\\\/\",\"logo\":{\"@type\":\"ImageObject\",\"inLanguage\":\"de\",\"@id\":\"https:\\\/\\\/flex-calisthenics.com\\\/calisthenics-coaching\\\/#\\\/schema\\\/logo\\\/image\\\/\",\"url\":\"https:\\\/\\\/flex-calisthenics.com\\\/wp-content\\\/uploads\\\/Logo_Flex-Calisthenics-Coaching.png\",\"contentUrl\":\"https:\\\/\\\/flex-calisthenics.com\\\/wp-content\\\/uploads\\\/Logo_Flex-Calisthenics-Coaching.png\",\"width\":164,\"height\":117,\"caption\":\"Flex Calisthenics\"},\"image\":{\"@id\":\"https:\\\/\\\/flex-calisthenics.com\\\/calisthenics-coaching\\\/#\\\/schema\\\/logo\\\/image\\\/\"}}]}<\/script>\n<!-- \/ Yoast SEO plugin. -->","yoast_head_json":{"title":"Beratungsgespr\u00e4ch vereinbaren - Flex Calisthenics","robots":{"index":"index","follow":"follow","max-snippet":"max-snippet:-1","max-image-preview":"max-image-preview:large","max-video-preview":"max-video-preview:-1"},"canonical":"https:\/\/flex-calisthenics.com\/calisthenics-coaching\/dein-beratungsgespraech\/","og_locale":"de_DE","og_type":"article","og_title":"Beratungsgespr\u00e4ch vereinbaren - Flex Calisthenics","og_description":"Beratungsgespr\u00e4ch vereinbaren\u200b Ich m\u00f6chte Dir kurz erkl\u00e4ren, wie das kostenlose Beratungsgespr\u00e4ch abl\u00e4uft: Wir schauen uns gemeinsam an, wo du aktuell stehst und was Deine gr\u00f6\u00dften Herausforderungen in Deinem Training sind. Ich zeige dir, was tats\u00e4chlich in Deiner Situation die wichtigsten Hebel sind, um Dein Training auf das n\u00e4chste Level zu bringen Wir erarbeiten gemeinsam einen [&hellip;]","og_url":"https:\/\/flex-calisthenics.com\/calisthenics-coaching\/dein-beratungsgespraech\/","og_site_name":"Flex Calisthenics","article_modified_time":"2023-02-06T20:44:06+00:00","og_image":[{"url":"https:\/\/flex-calisthenics.com\/wp-content\/uploads\/Group-17.png","type":"","width":"","height":""}],"twitter_card":"summary_large_image","twitter_misc":{"Gesch\u00e4tzte Lesezeit":"1\u00a0Minute"},"schema":{"@context":"https:\/\/schema.org","@graph":[{"@type":"WebPage","@id":"https:\/\/flex-calisthenics.com\/calisthenics-coaching\/dein-beratungsgespraech\/","url":"https:\/\/flex-calisthenics.com\/calisthenics-coaching\/dein-beratungsgespraech\/","name":"Beratungsgespr\u00e4ch vereinbaren - Flex Calisthenics","isPartOf":{"@id":"https:\/\/flex-calisthenics.com\/calisthenics-coaching\/#website"},"primaryImageOfPage":{"@id":"https:\/\/flex-calisthenics.com\/calisthenics-coaching\/dein-beratungsgespraech\/#primaryimage"},"image":{"@id":"https:\/\/flex-calisthenics.com\/calisthenics-coaching\/dein-beratungsgespraech\/#primaryimage"},"thumbnailUrl":"https:\/\/flex-calisthenics.com\/wp-content\/uploads\/Group-17.png","datePublished":"2023-01-08T21:57:31+00:00","dateModified":"2023-02-06T20:44:06+00:00","breadcrumb":{"@id":"https:\/\/flex-calisthenics.com\/calisthenics-coaching\/dein-beratungsgespraech\/#breadcrumb"},"inLanguage":"de","potentialAction":[{"@type":"ReadAction","target":["https:\/\/flex-calisthenics.com\/calisthenics-coaching\/dein-beratungsgespraech\/"]}]},{"@type":"ImageObject","inLanguage":"de","@id":"https:\/\/flex-calisthenics.com\/calisthenics-coaching\/dein-beratungsgespraech\/#primaryimage","url":"https:\/\/flex-calisthenics.com\/wp-content\/uploads\/Group-17.png","contentUrl":"https:\/\/flex-calisthenics.com\/wp-content\/uploads\/Group-17.png"},{"@type":"BreadcrumbList","@id":"https:\/\/flex-calisthenics.com\/calisthenics-coaching\/dein-beratungsgespraech\/#breadcrumb","itemListElement":[{"@type":"ListItem","position":1,"name":"Home","item":"https:\/\/flex-calisthenics.com\/calisthenics-coaching\/"},{"@type":"ListItem","position":2,"name":"Beratungsgespr\u00e4ch vereinbaren"}]},{"@type":"WebSite","@id":"https:\/\/flex-calisthenics.com\/calisthenics-coaching\/#website","url":"https:\/\/flex-calisthenics.com\/calisthenics-coaching\/","name":"Flex Calisthenics","description":"","publisher":{"@id":"https:\/\/flex-calisthenics.com\/calisthenics-coaching\/#organization"},"potentialAction":[{"@type":"SearchAction","target":{"@type":"EntryPoint","urlTemplate":"https:\/\/flex-calisthenics.com\/calisthenics-coaching\/?s={search_term_string}"},"query-input":{"@type":"PropertyValueSpecification","valueRequired":true,"valueName":"search_term_string"}}],"inLanguage":"de"},{"@type":"Organization","@id":"https:\/\/flex-calisthenics.com\/calisthenics-coaching\/#organization","name":"Flex Calisthenics","url":"https:\/\/flex-calisthenics.com\/calisthenics-coaching\/","logo":{"@type":"ImageObject","inLanguage":"de","@id":"https:\/\/flex-calisthenics.com\/calisthenics-coaching\/#\/schema\/logo\/image\/","url":"https:\/\/flex-calisthenics.com\/wp-content\/uploads\/Logo_Flex-Calisthenics-Coaching.png","contentUrl":"https:\/\/flex-calisthenics.com\/wp-content\/uploads\/Logo_Flex-Calisthenics-Coaching.png","width":164,"height":117,"caption":"Flex Calisthenics"},"image":{"@id":"https:\/\/flex-calisthenics.com\/calisthenics-coaching\/#\/schema\/logo\/image\/"}}]}},"_links":{"self":[{"href":"https:\/\/flex-calisthenics.com\/calisthenics-coaching\/wp-json\/wp\/v2\/pages\/887","targetHints":{"allow":["GET"]}}],"collection":[{"href":"https:\/\/flex-calisthenics.com\/calisthenics-coaching\/wp-json\/wp\/v2\/pages"}],"about":[{"href":"https:\/\/flex-calisthenics.com\/calisthenics-coaching\/wp-json\/wp\/v2\/types\/page"}],"author":[{"embeddable":true,"href":"https:\/\/flex-calisthenics.com\/calisthenics-coaching\/wp-json\/wp\/v2\/users\/2"}],"replies":[{"embeddable":true,"href":"https:\/\/flex-calisthenics.com\/calisthenics-coaching\/wp-json\/wp\/v2\/comments?post=887"}],"version-history":[{"count":5,"href":"https:\/\/flex-calisthenics.com\/calisthenics-coaching\/wp-json\/wp\/v2\/pages\/887\/revisions"}],"predecessor-version":[{"id":1537,"href":"https:\/\/flex-calisthenics.com\/calisthenics-coaching\/wp-json\/wp\/v2\/pages\/887\/revisions\/1537"}],"wp:attachment":[{"href":"https:\/\/flex-calisthenics.com\/calisthenics-coaching\/wp-json\/wp\/v2\/media?parent=887"}],"curies":[{"name":"wp","href":"https:\/\/api.w.org\/{rel}","templated":true}]}}